b**2 - 3751*b + 12. Determine q(28).
40
Let w(j) = 3*j**2 - 190*j - 4633. Give w(-26).
2335
Let w(p) = 20705*p + 124340. Determine w(-6).
110
Let d(u) = 173*u - 2177. Give d(11).
-274
Let y(s) = -s**3 + 30*s**2 + 255*s - 8135. Determine y(29).
101
Let a(t) = -t**3 + 3*t**2 + 41*t - 145. Calculate a(7).
-54
Let d(y) = -y**3 + 12*y**2 + 1968*y + 11259. Give d(-35).
-46
Let q(m) = -374*m + 645. Determine q(2).
-103
Let y(v) = v**3 - 12*v**2 + 56*v + 101. Calculate y(-8).
-1627
Let a(w) = 39*w - 614. What is a(15)?
-29
Let a(s) = 5*s**2 + 136*s + 180. What is a(-19)?
-599
Let h(t) = -t**3 + 2*t**2 + 820*t - 2462. Give h(3).
-11
Let u(z) = -5*z**2 + 2642*z - 41866. What is u(512)?
118
Let a(w) = -601831*w - 6018319. Determine a(-10).
-9
Let r(t) = 95*t**2 + 8078*t + 149. Determine r(-85).
-106
Let j(y) = 3*y**2 + 19099*y + 494551. Determine j(-26).
5
Let w(z) = -z**2 + 2300*z - 1075496. Calculate w(653).
-5
Let r(v) = 6*v**3 - 139*v**2 - 52*v + 1841. What is r(23)?
116
Let n(v) = -v**3 - 88*v**2 + 264*v - 1464. What is n(-91)?
-645
Let m(k) = 10*k**2 + 51*k - 10132. Determine m(-34).
-306
Let l(a) = -874*a + 9137. Calculate l(13).
-2225
Let h(x) = -60*x**2 - 299*x + 16. Determine h(0).
16
Let w(d) = -3*d**2 - 15*d + 1082. Determine w(-25).
-418
Let b(l) = 43*l**3 - 490*l**2 + 19*l + 2. Determine b(0).
2
Let c(t) = 24*t**3 + t**2 + 855*t - 3526. What is c(4)?
1446
Let n(v) = 3*v**3 + 769*v**2 - 476*v + 10028. Give n(-257).
262
Let t(p) = 7*p**2 + 40*p - 7094. What is t(29)?
-47
Let c(i) = 1928*i + 337530. What is c(-175)?
130
Let h(t) = -2*t**2 - 19592*t - 974610. Calculate h(-50).
-10
Let l(j) = -15*j**2 - 13*j - 125. Give l(-10).
-1495
Let q(y) = 57*y**2 - 717*y + 395. Determine q(12).
-1
Let h(i) = -4*i**3 - 39*i**2 - 36*i + 107. What is h(-3)?
-28
Let s(r) = -803546*r - 24909905. Determine s(-31).
21
Let w(y) = -y**3 + 10*y**2 - 2162*y - 21009. Determine w(-9).
-12
Let h(r) = 12229*r + 12241. What is h(-1)?
12
Let m(t) = -4*t**2 - 7816*t + 47035. What is m(6)?
-5
Let s(r) = -138*r**2 + 197*r - 201. Give s(1).
-142
Let l(r) = 102*r + 273. Calculate l(0).
273
Let o(q) = q**3 + 92*q**2 + 96*q - 2. Give o(-1).
-7
Let m(n) = n**3 + 41*n**2 + 257*n - 157. Give m(-28).
2839
Let a(t) = -114*t**2 + 5220*t + 1138. Give a(46).
34
Let w(k) = -34193*k - 68421. Determine w(-2).
-35
Let g(f) = -200*f - 6659. Give g(-28).
-1059
Let l(x) = -x**3 + 217*x**2 + 77*x - 16716. What is l(217)?
-7
Let d(i) = i**2 - 441*i - 201. Calculate d(0).
-201
Let n(q) = q**3 - 282*q**2 - 19297*q + 5501415. Give n(281).
-3
Let o(x) = 2414*x - 84146. What is o(35)?
344
Let y(z) = 2*z**3 - 77*z**2 + 720*z - 567. Calculate y(24).
9
Let d(f) = 2*f**2 + 288*f - 1182. Give d(4).
2
Let l(f) = 2*f**2 - 253*f - 5427. What is l(-20)?
433
Let l(d) = -d**3 - 237*d**2 + 521*d + 123401. Give l(-237).
-76
Let b(n) = -1714*n - 6672. What is b(-4)?
184
Let p(c) = c**2 - 186*c + 8545. What is p(113)?
296
Let z(g) = -4*g**2 - 318*g + 3796. Determine z(11).
-186
Let k(s) = 605*s + 188217. What is k(-311)?
62
Let y(i) = 33*i**2 + 124*i - 33. What is y(-7)?
716
Let x(b) = -b**3 - 474*b**2 - 11*b - 5223. What is x(-474)?
-9
Let s(g) = 8*g**2 - 156*g + 307. Determine s(2).
27
Let c(h) = 172392*h - 1034322. What is c(6)?
30
Let a(v) = -2*v**3 + v**2 - 97*v - 890. What is a(0)?
-890
Let s(i) = 15105*i + 181242. Determine s(-12).
-18
Let m(y) = -180*y + 4968. What is m(28)?
-72
Let o(t) = 6*t**2 + 18*t - 114. Give o(-14).
810
Let d(g) = -28*g**2 - 740*g + 71. Calculate d(-27).
-361
Let t(i) = -43*i**3 + 8*i**2 - 21*i - 105. Determine t(4).
-2813
Let t(p) = 64*p**3 - 15617*p**2 + 260*p - 3899. Calculate t(244).
5
Let w(j) = 2*j**3 + 78*j**2 + 464*j + 500. What is w(-32)?
-12
Let o(d) = 4*d**3 - 161*d**2 + 290*d - 16943. What is o(41)?
-10
Let k(c) = -2*c**3 + 65*c**2 - 493*c + 101. Give k(14).
451
Let x(w) = -2*w**3 - 90*w**2 - 454*w + 129. Determine x(-39).
-417
Let x(l) = -70913*l - 425773. Calculate x(-6).
-295
Let v(q) = 16*q**2 - 27*q - 4134. What is v(17)?
31
Let q(m) = -m**3 + 12*m**2 - 615*m + 7476. Determine q(12).
96
Let r(x) = x**3 + 34*x**2 + 10*x - 364. Determine r(3).
-1
Let q(n) = 28*n + 7412. Calculate q(-269).
-120
Let o(f) = -2*f**3 - 58*f**2 + 47*f + 6664. Give o(-14).
126
Let g(k) = 12461*k - 3389289. Determine g(272).
103
Let o(y) = -y**2 + 278*y + 31306. Give o(-86).
2
Let w(d) = -174*d**2 - 9921*d - 175. Give w(-57).
-4
Let v(d) = 66361*d + 796354. Give v(-12).
22
Let f(s) = 7566*s - 15161. Calculate f(2).
-29
Let g(k) = 8*k**2 - 286*k - 3683. Give g(-10).
-23
Let s(m) = 373*m - 111673. What is s(299)?
-146
Let z(j) = 5*j**2 + 529*j - 4219. What is z(8)?
333
Let h(x) = 6056*x + 42539. Calculate h(-7).
147
Let d(i) = 7257877*i**2 - 29031508*i + 1. Calculate d(4).
1
Let y(j) = -2*j**2 + 173*j - 3901. Determine y(39).
-196
Let f(o) = -o**3 - 33*o**2 + 2583*o + 254. Give f(37).
-5
Let h(j) = -11419*j + 6988428. What is h(612)?
0
Let o(r) = r**3 - 221*r**2 + 2823*r + 15530. Give o(207).
5
Let p(k) = -22*k**2 - 2997*k - 6649. Determine p(-134).
-83
Let t(c) = 8*c**3 + 14*c**2 - 185*c - 92. Give t(6).
1030
Let a(k) = -k**3 + 127*k**2 + 22*k + 1696. Calculate a(127).
4490
Let s(i) = 9*i**2 + 1987*i + 9706. Calculate s(-5).
-4
Let x(w) = 6*w**2 - 405*w + 6609. Give x(28).
-27
Let k(b) = 8*b**2 - 136*b + 858. What is k(6)?
330
Let z(k) = k**2 - 123*k + 1296. Give z(12).
-36
Let q(o) = -668*o - 7985. Determine q(-14).
1367
Let h(q) = -q**3 - 96*q**2 + 261*q + 33827. What is h(-95)?
7
Let x(c) = 1089*c - 5914. Give x(6).
620
Let a(g) = 4*g**2 + 3*g - 2. Calculate a(3).
43
Let s(c) = -258*c + 41. Determine s(3).
-733
Let q(b) = 3*b**3 + 5003*b**2 + 3649*b + 525105. Give q(-1667).
0
Let l(j) = 2*j**2 + 10*j - 1280. Give l(-22).
-532
Let b(f) = -112*f**2 + 61151*f + 540. Determine b(546).
-6
Let u(h) = -14*h**2 - 14338*h + 488386. Calculate u(33).
-14
Let y(s) = -19*s**3 - 589*s**2 - 65*s - 2014. Determine y(-31).
1
Let i(h) = h**3 - 11*h**2 - 115*h + 481. What is i(17)?
260
Let h(u) = 17*u**3 - 567*u**2 + 188*u + 336. Give h(33).
6
Let f(k) = -13628*k - 18370536. Give f(-1348).
8
Let t(p) = -4*p**2 + 109*p + 971. Calculate t(-7).
12
Let t(l) = -l**3 - 2*l**2 + 123*l - 320. What is t(0)?
-320
Let t(u) = -23333*u + 303300. Give t(13).
-29
Let g(j) = 2*j**3 - 14*j**2 + 615*j - 5900. Determine g(10).
850
Let b(o) = 21*o**2 - 323*o + 656. Give b(13).
6
Let b(z) = -z**3 + 4*z**2 + 539*z - 4873. Calculate b(9).
-427
Let s(h) = 3*h**3 - 2397*h**2 - 12032*h + 131. Determine s(-5).
-9
Let j(y) = 5*y**2 + 57301*y + 5. Give j(0).
5
Let d(h) = -7*h**2 - 371*h - 3668. Determine d(-13).
-28
Let u(q) = -1032*q**3 - q**2 - 1465*q - 1464. Give u(-1).
1032
Let r(s) = s**2 + 255935*s - 1791625. Determine r(7).
-31
Let k(p) = -917*p**3 + 3681*p**2 - 37*p + 24. Calculate k(4).
84
Let s(n) = n**3 + 18*n**2 - 98*n + 145. Give s(-23).
-246
Let j(i) = -57*i**2 + 4639*i - 31143. Give j(74).
11
Let i(x) = 3*x**2 + 2195*x + 400415. Give i(-385).
15
Let l(z) = 2*z**3 - z**2 - 24*z + 83. Give l(8).
851
Let r(z) = 19*z**2 + 25*z + 192. Determine r(-6).
726
Let o(i) = 7*i**2 - 809*i + 8681. Calculate o(12).
-19
Let t(p) = 5700*p + 433204. Calculate t(-76).
4
Let c(l) = -9*l**2 - 202*l + 6378. Calculate c(18).
-174
Let x(h) = -3*h**2 + 318*h - 509. Determine x(91).
3586
Let y(x) = -42*x - 9775. Give y(-169).
-2677
Let t(z) = 633*z + 14526. Calculate t(-15).
5031
Let f(x) = -x**2 + 160*x - 6333. What is f(73)?
18
Let g(n) = 9*n**2 + 99*n - 5128. Calculate g(19).
2
Let l(t) = 49322*t - 148095. Determine l(3).
-129
Let x(p) = 3941*p + 1359758. Calculate x(-345).
113
Let u(q) = -171362*q - 1370906. Calculate u(-8).
-10
Let c(m) = 469*m - 54404. Determine c(116).
0
Let i(f) = f**2 - 19*f - 35. Give i(-31).
1515
Let g(h) = -3289*h - 26163. What is g(-8)?
149
Let j(o) = 28*o**2 - 581*o - 130. What is j(21)?
17
Let f(w) = -w**3 - 40*w**2 - 63*w - 704. Give f(-39).
232
Let m(g) = 13*g**3 + 108*g**2 - 385*g - 26. Give m(-11).
-26
Let g(b) = -3*b**2 - 96*b - 591. What is g(-9)?
30
Let s(o) = -3*o**2 + 21*o + 4086. Determine s(-34).
-96
Let l(i) = 3*i**2 + 980*i + 1086. Calculate l(-324).
-1506
Let o(d) = -455*d**3 - 12*d - 30. What is o(-2)?
3634
Let l(x) = -4*x**2 - 1250*x + 4977. Determine l(-317).
-729
Let z(y) = 2241*y + 568. Calculat